e -13*r - 5217 = -144148. What are the prime factors of r?
10687
Let g = -121 - -23. Let l(p) = -28*p - 8. Let b be l(-6). Let f = b + g. What are the prime factors of f?
2, 31
Suppose -5*h + 70*h = 545480. List the prime factors of h.
2, 1049
Suppose -3*y - 4*h + 28 = 0, -3*y = -7*y + 3*h + 4. Suppose -a = -y*q - 439, -212 = 3*q - q + 2*a. Let l = 77 - q. List the prime factors of l.
2, 3, 31
Suppose -33 = 15*k - 16*k. Let f(c) = -10*c + 43. Let i(q) = 81*q - 345. Let b(s) = k*f(s) + 4*i(s). What are the prime factors of b(-12)?
3, 37
Let y(n) = -n**2 - 2*n. Let j(l) = 4*l**2 + 7*l - 1. Let z = -26 + 33. Let b(i) = z*y(i) + 2*j(i). List the prime factors of b(6).
2, 17
Let m(c) = -20862*c**3 - 9*c**2 + 3. List the prime factors of m(-1).
2, 3, 11, 79
Let u = 160 + -157. What are the prime factors of ((-188)/u)/((-35)/210)?
2, 47
Suppose 3*i = -4*h - 1113, 2*i + 1395 = -5*h - i. Let j be (-2 - 4*1/(-3))*h. Suppose -4*t = k - j, -3*t - 695 = -5*k + k. List the prime factors of k.
2, 11
What are the prime factors of (-400)/75*((-119980)/16 - 2)?
2, 73, 137
Let r(k) = -38*k**3 + 17*k**2 + 19*k - 2. What are the prime factors of r(-6)?
2, 17
Let t be -49*1/(-4 + 5). Let j be ((-2)/2)/(5 + (-2352)/470). Let g = j + t. What are the prime factors of g?
2, 3, 31
Suppose 0 = -282*t + 2783561 - 476519. What are the prime factors of t?
3, 101
What are the prime factors of (-7416288)/(-108)*156/272 - 2/(-17)?
2, 3, 547
Let t(f) = -f + 7. Let m be t(2). Suppose m*i - 185 = -0*i. Suppose 0 = 5*v - 15, 2*k - 98 = v + i. List the prime factors of k.
3, 23
Suppose -2*n + 4*u - 1372 = 0, 17*n = 13*n + u - 2730. Let p = -224 - n. What are the prime factors of p?
2, 229
Suppose 5*g = 624 + 196. Suppose 2*w = -2*q + g, -q - 4*q = -10. Let z = w - 31. What are the prime factors of z?
7
Let w(n) = 318*n + 2115. List the prime factors of w(-5).
3, 5, 7
Let g = -50 - -13. Let r = 42 + g. Suppose p + 4*f = 6, 0*p + r*p - 30 = -2*f. What are the prime factors of p?
2, 3
List the prime factors of (-4876)/(-3)*(-450)/(-75) + 4/(-2).
2, 3, 5, 13
Suppose 0*i + 1971 = 3*i + 3*h, 5*h = 4*i - 2592. List the prime factors of i.
653
Let t be (-70699)/(-114) - 3/18. Suppose t + 2868 = 8*h. What are the prime factors of h?
2, 109
Let v be ((-18)/24)/((-18)/(-120)). Let k(z) = 7*z + 28 - 11 + 23. What are the prime factors of k(v)?
5
Suppose -5*l + w = -31751, -2*l - 2*w = -3385 - 9313. What are the prime factors of l?
2, 5, 127
Let s = -196293 + 277397. What are the prime factors of s?
2, 37, 137
Let p(r) = 11*r**3 - 3*r**2 + 8*r - 17. Let q = -280 - -284. List the prime factors of p(q).
11, 61
Suppose 3*b = 12*b. Suppose b = -0*a + a - 145. List the prime factors of a.
5, 29
Let a be -7 + 4 + (997 - 1). Suppose -985 = 3*k - 6*k + 5*c, 3*k - a = 3*c. List the prime factors of k.
5, 67
Let d = 47598 - 31349. What are the prime factors of d?
16249
Let v(i) = i**3 + 6*i**2 + 3*i + 25. Let k be v(-7). Let j = 87 - k. What are the prime factors of j?
2, 3, 11
Let j be -5 - (-750 - 0) - -4. Let g = j + -266. What are the prime factors of g?
3, 7, 23
Let j = -1234 - 693. Let s = 3739 + j. What are the prime factors of s?
2, 3, 151
Suppose -23*j + 39*j = 2816. Suppose h - j = -3*c, -4*c - 172 = -3*h + 330. What are the prime factors of h?
2, 5, 17
Suppose -2710 = -5*q + 5*i, -4*q + i + 835 = -1333. Suppose 2*k - 5*b + q = 0, 4*k = -4*b - 0*b - 1056. Let w = k + 392. List the prime factors of w.
2, 3, 7
Let g = 2333 + -1181. What are the prime factors of g?
2, 3
Suppose 0 = 5*u + 3*y - 182614, -73052 = -2*u - 19*y + 21*y. What are the prime factors of u?
2, 23, 397
Suppose -8*m + 64 = 32. Suppose 7*s - 4*s - 2173 = y, m*y = -2*s + 1458. What are the prime factors of s?
5, 29
Let g(f) = 171*f + 14. Let a(h) = h**3 - 9*h**2 - 33*h - 33. Let d be a(12). List the prime factors of g(d).
17, 31
Suppose -5*i + 13 - 38 = -n, -2*n + 14 = -i. Suppose -2*z - g + 86 + 408 = 0, n*z - 4*g - 1248 = 0. What are the prime factors of z?
2, 31
Suppose l + 5*n - 9 = 0, -16*n = l - 21*n + 21. List the prime factors of (-173)/(-4 + 3) + l/2.
2, 5, 17
Let l be (15/(-30))/((-1)/320). Let f = l - 44. What are the prime factors of f?
2, 29
Let b = 72 + -202. Let h = b + 137. List the prime factors of h.
7
Let v be (-330)/198 - 1726/(-6). Let i be 9/(-3) - (0 + 167). Let l = i + v. What are the prime factors of l?
2, 29
List the prime factors of (17316 - -93) + -16 + 1.
2, 3, 13, 223
Suppose 4*l = -5*a + 23 - 2, 3*a = -3*l + 12. Suppose -8*h + 1943 = r - 4*h, -a*r + h = -9736. Suppose 6*g = -5*g + r. List the prime factors of g.
3, 59
Suppose -10*p + 18031 - 871 = 0. Suppose -2*r = 5*b - 284 - 596, 4*r = b + p. List the prime factors of r.
2, 5, 43
Suppose -1411*z + 1388*z = -42481. What are the prime factors of z?
1847
Suppose j = -5*m + 62050, -2*m + 83240 = 3*j - 102884. List the prime factors of j.
2, 3, 5, 11, 47
Suppose 0 = 6*i - 7*i + 4*s + 18, 5*i + 5*s - 15 = 0. Let m(r) = r**3 + 3*r**2 + 20*r. What are the prime factors of m(i)?
2, 3, 37
Let y(b) be the first derivative of b**4/4 - 22*b**3/3 + 13*b**2/2 + 2*b - 4. Let s be y(22). List the prime factors of 8992/s + 2*(-2)/18.
31
Let i = 72 - 72. Suppose i = -3*n + 11 - 20. Let v(q) = -6*q + 19. List the prime factors of v(n).
37
Let j(l) = -12*l**3 + 11*l**2 + 9*l - 7. Let z be j(-6). Suppose -10813 = -12*c + z. What are the prime factors of c?
5, 229
Suppose -4*p = -5*x - 31914, 5*p + x - 15964 = 3*p. What are the prime factors of p?
23, 347
What are the prime factors of -7*30/(-21) - -2008?
2, 1009
Suppose -44*v - 22*v = 47*v - 1613979. What are the prime factors of v?
3, 23
What are the prime factors of (-4 + (-101469)/4)*(-460)/575?
20297
Suppose -10*g = -27*g - 17. List the prime factors of (665/(-14) + g)*(1 - 3).
97
Let t(h) = -5*h - 28. Let v be t(-4). List the prime factors of (v - (-510)/8)*4.
223
Let x(r) = -r**3 - 8*r**2 - 5*r + 19. Let l be x(-8). Let p = 19 + l. Suppose -g = 5*n - p, -2*n = n + 3. What are the prime factors of g?
83
Let b(s) = 28 + 9*s - 83 - 16*s - 6*s + 4*s**2. List the prime factors of b(12).
5, 73
Suppose -8*y = 506 - 74. Let x = y + 116. What are the prime factors of x?
2, 31
Let q(n) = 9*n - 74. Let a be q(8). Let z(g) = 38*g**2 + g - 8. What are the prime factors of z(a)?
2, 71
Suppose 2*v = c + 3*v, 0 = 3*v + 6. What are the prime factors of (c - -6)*344/2?
2, 43
Let m = -160 + 176. List the prime factors of ((-1708)/m + 36/9)*-4.
3, 137
Let d(f) = -f**3 - 6*f**2 - 4*f - 42. Let v be d(-6). What are the prime factors of v/6 + 4 - -329?
2, 3, 5, 11
Suppose -56*p - 13848 = -60*p. List the prime factors of p/15 - 56/70.
2, 5, 23
Let q = 4131 - 2364. What are the prime factors of q?
3, 19, 31
Suppose 4*t - 3*v = v + 28, -4*t + 68 = 4*v. Suppose -3*l = 4*i - 29, 0 = -2*l + l + 3*i - t. Suppose -l*q + 8*q - 305 = 0. List the prime factors of q.
61
Suppose 18*r - 3908 = 14*r. Suppose -n - 2*y + 319 = 0, 3*n - r = -0*y - y. List the prime factors of n.
3, 109
Suppose 0 = 4*s + 2*u - 24688, s - 2*u = -1144 + 7321. List the prime factors of s.
6173
Let n = -8447 + 17054. What are the prime factors of n?
3, 19, 151
Suppose -903 = 2*j - 913, 2*f - 68928 = -2*j. List the prime factors of f.
17, 2027
Suppose 0 = -2*p - 0*p, 0 = d + 5*p - 2. Let n(c) = -6 + 13 - d*c + 2*c - c. What are the prime factors of n(-5)?
2, 3
Suppose 31*i - 30*i - 2 = 0. Suppose -i*p + 0 + 4 = 0. Suppose -l + 2*z - 71 = -p*l, 142 = 2*l - 5*z. What are the prime factors of l?
71
Let v(q) = -3*q**3 - 68*q**2 + 22*q - 25. Let j be v(-23). What are the prime factors of j/(6*(-1)/411)?
137
Let f be 1/(-3) - 390488/(-114). Suppose 5*q - 3*c - 8110 = 0, 5*c + 150 = -2*q + f. What are the prime factors of q?
5, 13
Suppose 91928 + 306292 = 20*o. List the prime factors of o.
3, 6637
Let y(g) = 4*g + 95. Let b(f) = -115 + 57*f - 27 - 63*f. Let p(k) = 5*b(k) + 8*y(k). What are the prime factors of p(-6)?
2, 19
Let b(s) = 3*s**3 - s**2 - 1. Let h(n) = -2*n**3 - 16*n**2 - 120*n + 2. Let a(l) = -b(l) - h(l). List the prime factors of a(21).
5, 151
Let o(g) = -4*g + 64. Let m be o(16). Suppose 5*l + 6*f = 5*f + 1340, m = 3*l + 4*f - 787. List the prime factors of l.
269
Let p be (-6)/(-30) + (-40859)/(-5). Suppose -17*s + p = -5*s. List the prime factors of s.
3, 227
L